ided by 305?
243
What is the remainder when 446 is divided by 32?
30
What is the remainder when 256 is divided by 94?
68
What is the remainder when 207 is divided by 49?
11
Calculate the remainder when 219 is divided by 68.
15
What is the remainder when 255 is divided by 139?
116
What is the remainder when 250 is divided by 91?
68
Calculate the remainder when 646 is divided by 61.
36
What is the remainder when 721 is divided by 33?
28
What is the remainder when 407 is divided by 85?
67
Calculate the remainder when 2207 is divided by 48.
47
What is the remainder when 298 is divided by 38?
32
Calculate the remainder when 184 is divided by 58.
10
What is the remainder when 72 is divided by 37?
35
Calculate the remainder when 196 is divided by 55.
31
What is the remainder when 6969 is divided by 14?
11
What is the remainder when 129 is divided by 23?
14
Calculate the remainder when 194 is divided by 66.
62
Calculate the remainder when 2295 is divided by 114.
15
Calculate the remainder when 236 is divided by 48.
44
Calculate the remainder when 726 is divided by 52.
50
Calculate the remainder when 74 is divided by 15.
14
Calculate the remainder when 553 is divided by 276.
1
Calculate the remainder when 148 is divided by 76.
72
Calculate the remainder when 291 is divided by 141.
9
What is the remainder when 1227 is divided by 397?
36
Calculate the remainder when 779 is divided by 47.
27
Calculate the remainder when 3668 is divided by 8.
4
What is the remainder when 14343 is divided by 208?
199
What is the remainder when 194 is divided by 57?
23
What is the remainder when 268 is divided by 68?
64
Calculate the remainder when 540 is divided by 146.
102
Calculate the remainder when 200 is divided by 23.
16
What is the remainder when 34 is divided by 10?
4
What is the remainder when 949 is divided by 28?
25
Calculate the remainder when 97 is divided by 51.
46
What is the remainder when 175 is divided by 88?
87
What is the remainder when 3204 is divided by 153?
144
Calculate the remainder when 249 is divided by 50.
49
What is the remainder when 432 is divided by 44?
36
Calculate the remainder when 1943 is divided by 45.
8
What is the remainder when 618 is divided by 155?
153
Calculate the remainder when 56 is divided by 15.
11
Calculate the remainder when 11 is divided by 7.
4
Calculate the remainder when 43 is divided by 18.
7
What is the remainder when 663 is divided by 96?
87
Calculate the remainder when 82 is divided by 12.
10
What is the remainder when 310 is divided by 26?
24
What is the remainder when 411 is divided by 115?
66
What is the remainder when 1378 is divided by 278?
266
Calculate the remainder when 244 is divided by 19.
16
Calculate the remainder when 136 is divided by 37.
25
Calculate the remainder when 336 is divided by 3.
0
What is the remainder when 617 is divided by 81?
50
Calculate the remainder when 602 is divided by 182.
56
What is the remainder when 4271 is divided by 25?
21
Calculate the remainder when 3237 is divided by 90.
87
Calculate the remainder when 600 is divided by 48.
24
What is the remainder when 846 is divided by 5?
1
Calculate the remainder when 198 is divided by 51.
45
What is the remainder when 257 is divided by 22?
15
Calculate the remainder when 123 is divided by 5.
3
What is the remainder when 2781 is divided by 253?
251
Calculate the remainder when 17759 is divided by 12.
11
Calculate the remainder when 142 is divided by 10.
2
What is the remainder when 2039 is divided by 23?
15
What is the remainder when 342 is divided by 23?
20
What is the remainder when 126 is divided by 16?
14
Calculate the remainder when 81 is divided by 51.
30
Calculate the remainder when 1084 is divided by 136.
132
What is the remainder when 61 is divided by 60?
1
Calculate the remainder when 66 is divided by 26.
14
Calculate the remainder when 812 is divided by 808.
4
What is the remainder when 85 is divided by 8?
5
Calculate the remainder when 2437 is divided by 46.
45
What is the remainder when 18 is divided by 14?
4
Calculate the remainder when 373 is divided by 174.
25
What is the remainder when 1510 is divided by 63?
61
Calculate the remainder when 5351 is divided by 12.
11
Calculate the remainder when 64 is divided by 29.
6
Calculate the remainder when 136 is divided by 35.
31
What is the remainder when 549 is divided by 12?
9
Calculate the remainder when 198 is divided by 100.
98
What is the remainder when 153 is divided by 42?
27
Calculate the remainder when 32 is divided by 5.
2
What is the remainder when 286 is divided by 41?
40
What is the remainder when 446 is divided by 122?
80
What is the remainder when 38 is divided by 4?
2
What is the remainder when 363 is divided by 95?
78
Calculate the remainder when 23 is divided by 8.
7
What is the remainder when 6748 is divided by 5?
3
What is the remainder when 2926 is divided by 35?
21
Calculate the remainder when 268 is divided by 134.
0
Calculate the remainder when 435 is divided by 129.
48
What is the remainder when 318 is divided by 21?
3
Calculate the remainder when 458 is divided by 30.
8
Calculate the remainder when 76 is divided by 36.
4
What is the remainder when 230 is divided by 13?
9
Calculate the remainder when 132 is divided by 69.
63
What is the remainder when 132 is divided by 36?
24
Calculate the remainder when 4762 is divided by 602.
548
Calculate the remainder when 390 is divided by 11.
5
What is the remainder when 462 is divided by 89?
17
What is the remainder when 1431 is divided by 274?
61
Calculate the remainder when 163 is divided by 23.
2
What is the remainder when 244 is divided by 77?
13
What is the remainder when 1809 is divided by 1806?
3
Calculate the remainder when 1671 is divided by 22.
21
Calculate the remainder when 109 is divided by 34.
7
What is the remainder when 3628 is divided by 1811?
6
What is the remainder when 401 is divided by 200?
1
Calculate the remainder when 3343 is divided by 92.
31
Calculate the remainder when 816 is divided by 19.
18
What is the remainder when 8783 is divided by 36?
35
What is the remainder when 180 is divided by 26?
24
What is the remainder when 746 is divided by 32?
10
Calculate the remainder when 795 is divided by 38.
35
Calculate the remainder when 305 is divided by 107.
91
Calculate the remainder when 519 is divided by 104.
103
Calculate the remainder when 194 is divided by 18.
14
What is the remainder when 19 is divided by 4?
3
What is the remainder when 132 is divided by 20?
12
Calculate the remainder when 1054 is divided by 43.
22
What is the remainder when 22 is divided by 9?
4
What is the remainder when 85 is divided by 50?
35
What is the remainder when 856 is divided by 143?
141
Calculate the remainder when 82 is divided by 8.
2
What is the remainder when 3464 is divided by 39?
32
What is the remainder when 1849 is divided by 919?
11
Calculate the remainder when 154 is divided by 5.
4
Calculate the remainder when 1499 is divided by 35.
29
Calculate the remainder when 108 is divided by 30.
18
Calculate the remainder when 297 is divided by 13.
11
Calculate the remainder when 569 is divided by 567.
2
Calculate the remainder when 319 is divided by 15.
4
Calculate the remainder when 28 is divided by 15.
13
What is the remainder when 1163 is divided by 131?
115
What is the remainder when 143 is divided by 38?
29
What is the remainder when 135 is divided by 35?
30
Calculate the remainder when 36847 is divided by 134.
131
Calculate the remainder when 634 is divided by 49.
46
Calculate the remainder when 564 is divided by 8.
4
Calculate the remainder when 8 is divided by 5.
3
What is the remainder when 12461 is divided by 41?
38
Calculate the remainder when 498 is divided by 36.
30
Calculate the remainder when 5629 is divided by 22.
19
What is the remainder when 85 is divided by 27?
4
What is the remainder when 1893 is divided by 50?
43
What is the remainder when 103 is divided by 53?
50
Calculate the remainder when 1589 is divided by 43.
41
Calculate the remainder when 727 is divided by 43.
39
Calculate the remainder when 166 is divided by 5.
1
What is the remainder when 1140 is divided by 127?
124
Calculate the remainder when 3804 is divided by 27.
24
What is the remainder when 534 is divided by 77?
72
